ulate the remainder when 14803 is divided by 124.
47
Calculate the remainder when 10220 is divided by 5074.
72
Calculate the remainder when 43083 is divided by 167.
164
What is the remainder when 18872 is divided by 786?
8
What is the remainder when 11941 is divided by 1483?
77
What is the remainder when 90164 is divided by 339?
329
Calculate the remainder when 32254 is divided by 221.
209
Calculate the remainder when 63719 is divided by 5792.
7
What is the remainder when 9679 is divided by 1897?
194
Calculate the remainder when 592 is divided by 570.
22
Calculate the remainder when 282488 is divided by 56496.
8
What is the remainder when 3950 is divided by 445?
390
What is the remainder when 5567 is divided by 866?
371
Calculate the remainder when 657 is divided by 423.
234
What is the remainder when 15650 is divided by 301?
299
Calculate the remainder when 431 is divided by 62.
59
Calculate the remainder when 34869 is divided by 117.
3
Calculate the remainder when 52234 is divided by 50.
34
Calculate the remainder when 82 is divided by 11.
5
What is the remainder when 1145 is divided by 1108?
37
What is the remainder when 4558 is divided by 857?
273
What is the remainder when 9131 is divided by 1301?
24
Calculate the remainder when 4446 is divided by 558.
540
What is the remainder when 22680 is divided by 162?
0
Calculate the remainder when 557667 is divided by 126.
117
What is the remainder when 57156 is divided by 28572?
12
What is the remainder when 17164 is divided by 129?
7
What is the remainder when 9444 is divided by 1268?
568
Calculate the remainder when 21031 is divided by 26.
23
Calculate the remainder when 252493 is divided by 24.
13
Calculate the remainder when 379103 is divided by 48.
47
What is the remainder when 2452 is divided by 539?
296
What is the remainder when 321467 is divided by 31?
28
What is the remainder when 3443 is divided by 481?
76
What is the remainder when 3529 is divided by 62?
57
What is the remainder when 9605 is divided by 946?
145
Calculate the remainder when 5979586 is divided by 9.
4
Calculate the remainder when 2159203 is divided by 15994.
13
Calculate the remainder when 215250 is divided by 473.
35
What is the remainder when 187891 is divided by 68?
7
What is the remainder when 5556 is divided by 926?
0
Calculate the remainder when 1524 is divided by 255.
249
Calculate the remainder when 4692 is divided by 585.
12
What is the remainder when 37132 is divided by 54?
34
Calculate the remainder when 28885 is divided by 825.
10
Calculate the remainder when 53695 is divided by 4881.
4
Calculate the remainder when 104022 is divided by 75.
72
What is the remainder when 102185 is divided by 2127?
89
Calculate the remainder when 1958 is divided by 490.
488
Calculate the remainder when 3979 is divided by 14.
3
Calculate the remainder when 61309 is divided by 915.
4
What is the remainder when 264451 is divided by 120?
91
What is the remainder when 1008 is divided by 610?
398
Calculate the remainder when 67076 is divided by 173.
125
What is the remainder when 11993 is divided by 522?
509
What is the remainder when 35129 is divided by 35?
24
Calculate the remainder when 1518 is divided by 172.
142
Calculate the remainder when 33797 is divided by 2815.
17
Calculate the remainder when 1265 is divided by 25.
15
What is the remainder when 753 is divided by 208?
129
Calculate the remainder when 175283 is divided by 55.
53
What is the remainder when 105166 is divided by 313?
311
What is the remainder when 71737 is divided by 15?
7
What is the remainder when 24504 is divided by 33?
18
What is the remainder when 1718 is divided by 74?
16
What is the remainder when 24633 is divided by 4925?
8
Calculate the remainder when 7240 is divided by 335.
205
Calculate the remainder when 10273 is divided by 448.
417
What is the remainder when 4239 is divided by 90?
9
Calculate the remainder when 2232 is divided by 237.
99
Calculate the remainder when 1180 is divided by 383.
31
Calculate the remainder when 3518337 is divided by 15.
12
Calculate the remainder when 75103 is divided by 11.
6
What is the remainder when 43987 is divided by 265?
262
What is the remainder when 23870 is divided by 3978?
2
Calculate the remainder when 11570 is divided by 170.
10
What is the remainder when 5682 is divided by 77?
61
Calculate the remainder when 2151 is divided by 55.
6
What is the remainder when 32179 is divided by 28?
7
What is the remainder when 39236 is divided by 33?
32
What is the remainder when 21739 is divided by 160?
139
What is the remainder when 325203 is divided by 89?
86
Calculate the remainder when 21806 is divided by 842.
756
What is the remainder when 157228 is divided by 52409?
1
What is the remainder when 4301 is divided by 4282?
19
Calculate the remainder when 1844 is divided by 1831.
13
Calculate the remainder when 24690 is divided by 12087.
516
What is the remainder when 5627 is divided by 1117?
42
Calculate the remainder when 4048 is divided by 311.
5
What is the remainder when 1668131 is divided by 83?
80
What is the remainder when 1416 is divided by 276?
36
Calculate the remainder when 859316 is divided by 20.
16
Calculate the remainder when 40981 is divided by 42.
31
Calculate the remainder when 43903 is divided by 698.
627
Calculate the remainder when 16497 is divided by 73.
72
Calculate the remainder when 7422 is divided by 246.
42
What is the remainder when 7501 is divided by 681?
10
What is the remainder when 64231 is divided by 443?
439
Calculate the remainder when 115373 is divided by 125.
123
Calculate the remainder when 92165 is divided by 6582.
17
Calculate the remainder when 323118 is divided by 111.
108
Calculate the remainder when 26507 is divided by 39.
26
Calculate the remainder when 28103 is divided by 55.
53
What is the remainder when 29091 is divided by 1939?
6
What is the remainder when 17721 is divided by 5?
1
Calculate the remainder when 7792 is divided by 869.
840
What is the remainder when 6748 is divided by 6740?
8
Calculate the remainder when 1027 is divided by 56.
19
Calculate the remainder when 16967 is divided by 12.
11
What is the remainder when 22298 is divided by 60?
38
What is the remainder when 9540 is divided by 87?
57
Calculate the remainder when 2131 is divided by 838.
455
Calculate the remainder when 121552 is divided by 60766.
20
Calculate the remainder when 43686 is divided by 971.
962
What is the remainder when 25084 is divided by 795?
439
Calculate the remainder when 68027 is divided by 12.
11
Calculate the remainder when 330545 is divided by 17.
14
What is the remainder when 147481 is divided by 13?
9
What is the remainder when 1784 is divided by 208?
120
What is the remainder when 574037 is divided by 9?
8
What is the remainder when 15132 is divided by 3763?
80
Calculate the remainder when 1967 is divided by 317.
65
What is the remainder when 23722 is divided by 23701?
21
Calculate the remainder when 54621 is divided by 261.
72
Calculate the remainder when 9543 is divided by 222.
219
Calculate the remainder when 69209 is divided by 176.
41
Calculate the remainder when 287676 is divided by 166.
164
What is the remainder when 7923 is divided by 305?
298
What is the remainder when 1074 is divided by 39?
21
Calculate the remainder when 1797 is divided by 135.
42
Calculate the remainder when 35122 is divided by 566.
30
Calculate the remainder when 8114 is divided by 27.
14
What is the remainder when 616760 is divided by 12849?
8
What is the remainder when 37582 is divided by 144?
142
Calculate the remainder when 1117 is divided by 492.
133
Calculate the remainder when 88173 is divided by 22.
19
What is the remainder when 40626 is divided by 1311?
1296
Calculate the remainder when 1582 is divided by 51.
1
What is the remainder when 5253 is divided by 2626?
1
Calculate the remainder when 49316 is divided by 19.
11
Calculate the remainder when 8212 is divided by 171.
4
What is the remainder when 383873 is divided by 137?
136
What is the remainder when 115379 is divided by 311?
309
What is the remainder when 41191 is divided by 347?
245
What is the remainder when 2028 is divided by 83?
36
Calculate the remainder when 28451 is divided by 9481.
8
Calculate the remainder when 190114 is di